{"id":17,"date":"2017-12-11T13:44:12","date_gmt":"2017-12-11T12:44:12","guid":{"rendered":"https:\/\/www.librerosdecastillayleon.es\/?page_id=17"},"modified":"2022-06-24T13:27:24","modified_gmt":"2022-06-24T11:27:24","slug":"ley-del-libro","status":"publish","type":"page","link":"https:\/\/www.librerosdecastillayleon.es\/index.php\/ley-del-libro\/","title":{"rendered":"Ley del Libro"},"content":{"rendered":"<p><div class=\"fusion-fullwidth fullwidth-box fusion-builder-row-1 nonhundred-percent-fullwidth non-hundred-percent-height-scrolling\" style=\"--awb-background-position:top left;--awb-border-sizes-top:1px;--awb-border-sizes-bottom:1px;--awb-border-sizes-left:0px;--awb-border-sizes-right:0px;--awb-border-color:#f6f6f6;--awb-border-radius-top-left:0px;--awb-border-radius-top-right:0px;--awb-border-radius-bottom-right:0px;--awb-border-radius-bottom-left:0px;--awb-padding-top:66px;--awb-padding-bottom:50px;--awb-background-color:#ffffff;--awb-flex-wrap:wrap;\" ><div class=\"fusion-builder-row fusion-row\"><div class=\"fusion-layout-column fusion_builder_column fusion-builder-column-0 fusion_builder_column_1_2 1_2 fusion-one-half fusion-column-first\" style=\"--awb-bg-size:cover;width:48%; margin-right: 4%;\"><div class=\"fusion-column-wrapper fusion-flex-column-wrapper-legacy\"><div class=\"fusion-title title fusion-title-1 fusion-title-text fusion-title-size-one\" style=\"--awb-margin-top-small:0px;--awb-margin-right-small:0px;--awb-margin-bottom-small:20px;--awb-margin-left-small:0px;\"><h1 class=\"fusion-title-heading title-heading-left fusion-responsive-typography-calculated\" style=\"margin:0;--fontSize:30;line-height:1.45;\">PRE\u00c1MBULO<\/h1><span class=\"awb-title-spacer\"><\/span><div class=\"title-sep-container\"><div class=\"title-sep sep-double sep-solid\" style=\"border-color:#e0dede;\"><\/div><\/div><\/div><div class=\"fusion-reading-box-container reading-box-container-1\" style=\"--awb-title-color:#333333;--awb-margin-top:0px;--awb-margin-bottom:20px;\"><div class=\"reading-box\" style=\"background-color:#f6f6f6;border-width:1px;border-color:#f6f6f6;border-left-width:3px;border-left-color:var(--primary_color);border-style:solid;\"><div class=\"fusion-reading-box-flex\"><h2>Se inicia el siglo XXI con una nueva concepci\u00f3n y definici\u00f3n de la lectura y del libro. Durante siglos, el libro ha mantenido un formato singular y \u00fanico, del mismo modo que se defin\u00eda a la lectura como el ejercicio lector realizado por los individuos sobre los contenidos del mismo.<\/p>\n<p>En la actualidad, se concibe la lectura como una herramienta b\u00e1sica para el desarrollo de la personalidad y tambi\u00e9n como instrumento para la socializaci\u00f3n; es decir, como elemento esencial para la capacitaci\u00f3n y la convivencia democr\u00e1tica, para desarrollarse en la \u00absociedad de la informaci\u00f3n\u00bb.<\/p>\n<p>La ciudadan\u00eda, a trav\u00e9s de numerosos medios y recursos, recibe abundancia de informaci\u00f3n; mas, en este contexto, es preciso disponer de la habilidad necesaria para transformar la informaci\u00f3n en conocimientos, y esta capacidad se logra gracias al h\u00e1bito lector.<\/p>\n<p>S\u00f3lo de esta manera los ciudadanos pueden aspirar a participar y disfrutar en igualdad de las posibilidades que ofrece la \u00absociedad del conocimiento\u00bb: leer es elegir perspectivas desde las que situar nuestra mirada invitando a reflexionar, a pensar y a crear.<\/h2><\/div><\/div><\/div><div class=\"fusion-button-wrapper fusion-alignright\"><a class=\"fusion-button button-flat button-large button-default fusion-button-default button-1 fusion-button-default-span fusion-button-default-type fusion-animated\" data-animationType=\"fadeInDown\" data-animationDuration=\"1.0\" data-animationOffset=\"top-into-view\" target=\"_blank\" rel=\"noopener noreferrer\" href=\"https:\/\/www.librerosdecastillayleon.es\/wp-content\/uploads\/ley_libro.pdf\"><span class=\"fusion-button-text awb-button__text awb-button__text--default\">TEXTO COMPLETO<\/span><\/a><\/div><div class=\"fusion-clearfix\"><\/div><\/div><\/div><div class=\"fusion-layout-column fusion_builder_column fusion-builder-column-1 fusion_builder_column_1_2 1_2 fusion-one-half fusion-column-last\" style=\"--awb-bg-size:cover;width:48%;\"><div class=\"fusion-column-wrapper fusion-flex-column-wrapper-legacy\"><div class=\"fusion-text fusion-text-1\"><p><img decoding=\"async\" src=\"https:\/\/www.librerosdecastillayleon.es\/wp-content\/uploads\/side-ley.jpg\" alt=\"Ley del Libro\" \/><\/p>\n<\/div><div class=\"fusion-clearfix\"><\/div><\/div><\/div><\/div><\/div><div class=\"fusion-fullwidth fullwidth-box fusion-builder-row-2 fusion-parallax-fixed nonhundred-percent-fullwidth non-hundred-percent-height-scrolling\" style=\"--awb-border-radius-top-left:0px;--awb-border-radius-top-right:0px;--awb-border-radius-bottom-right:0px;--awb-border-radius-bottom-left:0px;--awb-background-color:#ffffff;--awb-background-image:url(&quot;https:\/\/www.librerosdecastillayleon.es\/wp-content\/uploads\/parallax.jpg&quot;);--awb-background-size:cover;--awb-flex-wrap:wrap;background-attachment:fixed;\" ><div class=\"fusion-builder-row fusion-row\"><div class=\"fusion-layout-column fusion_builder_column fusion-builder-column-2 fusion_builder_column_1_1 1_1 fusion-one-full fusion-column-first fusion-column-last fusion-column-no-min-height\" style=\"--awb-bg-size:cover;--awb-margin-bottom:0px;\"><div class=\"fusion-column-wrapper fusion-flex-column-wrapper-legacy\"><div class=\"fusion-text fusion-text-2\"><h1 style=\"text-align: left; font-size: 50px !important;\">Lee para <span style=\"color: #e10707;\">Vivir<\/span><\/h1>\n<h2 style=\"text-align: left; margin-top: -30px; font-size: 30px;\">(Gustave Flaubert)<\/h2>\n<\/div><div class=\"fusion-sep-clear\"><\/div><div class=\"fusion-separator fusion-full-width-sep\" style=\"margin-left: auto;margin-right: auto;margin-top:20px;width:100%;\"><\/div><div class=\"fusion-sep-clear\"><\/div><div class=\"fusion-clearfix\"><\/div><\/div><\/div><div class=\"fusion-layout-column fusion_builder_column fusion-builder-column-3 fusion_builder_column_1_1 1_1 fusion-one-full fusion-column-first fusion-column-last fusion-column-no-min-height\" style=\"--awb-bg-size:cover;--awb-margin-bottom:0px;\"><div class=\"fusion-column-wrapper fusion-flex-column-wrapper-legacy\"><div class=\"fusion-text fusion-text-3\"><p><img decoding=\"async\" src=\"https:\/\/www.librerosdecastillayleon.es\/wp-content\/uploads\/parallax-over-5.png\" alt=\"lightbox title\" \/><\/p>\n<\/div><div class=\"fusion-clearfix\"><\/div><\/div><\/div><\/div><\/div><\/p>\n","protected":false},"excerpt":{"rendered":"","protected":false},"author":2,"featured_media":0,"parent":0,"menu_order":0,"comment_status":"closed","ping_status":"closed","template":"100-width.php","meta":{"footnotes":""},"class_list":["post-17","page","type-page","status-publish","hentry"],"yoast_head":"<!-- This site is optimized with the Yoast SEO plugin v27.4 - https:\/\/yoast.com\/product\/yoast-seo-wordpress\/ -->\r\n<title>Ley del Libro - Gremio de Libreros de Castilla y Le\u00f3n<\/title>\r\n<meta name=\"robots\" content=\"index, follow, max-snippet:-1, max-image-preview:large, max-video-preview:-1\" \/>\r\n<link rel=\"canonical\" href=\"https:\/\/www.librerosdecastillayleon.es\/index.php\/ley-del-libro\/\" \/>\r\n<meta property=\"og:locale\" content=\"es_ES\" \/>\r\n<meta property=\"og:type\" content=\"article\" \/>\r\n<meta property=\"og:title\" content=\"Ley del Libro - Gremio de Libreros de Castilla y Le\u00f3n\" \/>\r\n<meta property=\"og:url\" content=\"https:\/\/www.librerosdecastillayleon.es\/index.php\/ley-del-libro\/\" \/>\r\n<meta property=\"og:site_name\" content=\"Gremio de Libreros de Castilla y Le\u00f3n\" \/>\r\n<meta property=\"article:modified_time\" content=\"2022-06-24T11:27:24+00:00\" \/>\r\n<meta property=\"og:image\" content=\"https:\/\/www.librerosdecastillayleon.es\/wp-content\/uploads\/side-ley.jpg\" \/>\r\n<meta name=\"twitter:card\" content=\"summary_large_image\" \/>\r\n<meta name=\"twitter:label1\" content=\"Tiempo de lectura\" \/>\n\t<meta name=\"twitter:data1\" content=\"3 minutos\" \/>\r\n<script type=\"application\/ld+json\" class=\"yoast-schema-graph\">{\"@context\":\"https:\\\/\\\/schema.org\",\"@graph\":[{\"@type\":\"WebPage\",\"@id\":\"https:\\\/\\\/www.librerosdecastillayleon.es\\\/index.php\\\/ley-del-libro\\\/\",\"url\":\"https:\\\/\\\/www.librerosdecastillayleon.es\\\/index.php\\\/ley-del-libro\\\/\",\"name\":\"Ley del Libro - Gremio de Libreros de Castilla y Le\u00f3n\",\"isPartOf\":{\"@id\":\"https:\\\/\\\/www.librerosdecastillayleon.es\\\/#website\"},\"primaryImageOfPage\":{\"@id\":\"https:\\\/\\\/www.librerosdecastillayleon.es\\\/index.php\\\/ley-del-libro\\\/#primaryimage\"},\"image\":{\"@id\":\"https:\\\/\\\/www.librerosdecastillayleon.es\\\/index.php\\\/ley-del-libro\\\/#primaryimage\"},\"thumbnailUrl\":\"http:\\\/\\\/www.librerosdecastillayleon.es\\\/wp-content\\\/uploads\\\/side-ley.jpg\",\"datePublished\":\"2017-12-11T12:44:12+00:00\",\"dateModified\":\"2022-06-24T11:27:24+00:00\",\"breadcrumb\":{\"@id\":\"https:\\\/\\\/www.librerosdecastillayleon.es\\\/index.php\\\/ley-del-libro\\\/#breadcrumb\"},\"inLanguage\":\"es\",\"potentialAction\":[{\"@type\":\"ReadAction\",\"target\":[\"https:\\\/\\\/www.librerosdecastillayleon.es\\\/index.php\\\/ley-del-libro\\\/\"]}]},{\"@type\":\"ImageObject\",\"inLanguage\":\"es\",\"@id\":\"https:\\\/\\\/www.librerosdecastillayleon.es\\\/index.php\\\/ley-del-libro\\\/#primaryimage\",\"url\":\"http:\\\/\\\/www.librerosdecastillayleon.es\\\/wp-content\\\/uploads\\\/side-ley.jpg\",\"contentUrl\":\"http:\\\/\\\/www.librerosdecastillayleon.es\\\/wp-content\\\/uploads\\\/side-ley.jpg\"},{\"@type\":\"BreadcrumbList\",\"@id\":\"https:\\\/\\\/www.librerosdecastillayleon.es\\\/index.php\\\/ley-del-libro\\\/#breadcrumb\",\"itemListElement\":[{\"@type\":\"ListItem\",\"position\":1,\"name\":\"Portada\",\"item\":\"https:\\\/\\\/www.librerosdecastillayleon.es\\\/\"},{\"@type\":\"ListItem\",\"position\":2,\"name\":\"Ley del Libro\"}]},{\"@type\":\"WebSite\",\"@id\":\"https:\\\/\\\/www.librerosdecastillayleon.es\\\/#website\",\"url\":\"https:\\\/\\\/www.librerosdecastillayleon.es\\\/\",\"name\":\"Gremio de Libreros de Castilla y Le\u00f3n\",\"description\":\"\",\"potentialAction\":[{\"@type\":\"SearchAction\",\"target\":{\"@type\":\"EntryPoint\",\"urlTemplate\":\"https:\\\/\\\/www.librerosdecastillayleon.es\\\/?s={search_term_string}\"},\"query-input\":{\"@type\":\"PropertyValueSpecification\",\"valueRequired\":true,\"valueName\":\"search_term_string\"}}],\"inLanguage\":\"es\"}]}<\/script>\r\n<!-- \/ Yoast SEO plugin. -->","yoast_head_json":{"title":"Ley del Libro - Gremio de Libreros de Castilla y Le\u00f3n","robots":{"index":"index","follow":"follow","max-snippet":"max-snippet:-1","max-image-preview":"max-image-preview:large","max-video-preview":"max-video-preview:-1"},"canonical":"https:\/\/www.librerosdecastillayleon.es\/index.php\/ley-del-libro\/","og_locale":"es_ES","og_type":"article","og_title":"Ley del Libro - Gremio de Libreros de Castilla y Le\u00f3n","og_url":"https:\/\/www.librerosdecastillayleon.es\/index.php\/ley-del-libro\/","og_site_name":"Gremio de Libreros de Castilla y Le\u00f3n","article_modified_time":"2022-06-24T11:27:24+00:00","og_image":[{"url":"https:\/\/www.librerosdecastillayleon.es\/wp-content\/uploads\/side-ley.jpg","type":"","width":"","height":""}],"twitter_card":"summary_large_image","twitter_misc":{"Tiempo de lectura":"3 minutos"},"schema":{"@context":"https:\/\/schema.org","@graph":[{"@type":"WebPage","@id":"https:\/\/www.librerosdecastillayleon.es\/index.php\/ley-del-libro\/","url":"https:\/\/www.librerosdecastillayleon.es\/index.php\/ley-del-libro\/","name":"Ley del Libro - Gremio de Libreros de Castilla y Le\u00f3n","isPartOf":{"@id":"https:\/\/www.librerosdecastillayleon.es\/#website"},"primaryImageOfPage":{"@id":"https:\/\/www.librerosdecastillayleon.es\/index.php\/ley-del-libro\/#primaryimage"},"image":{"@id":"https:\/\/www.librerosdecastillayleon.es\/index.php\/ley-del-libro\/#primaryimage"},"thumbnailUrl":"https:\/\/www.librerosdecastillayleon.es\/wp-content\/uploads\/side-ley.jpg","datePublished":"2017-12-11T12:44:12+00:00","dateModified":"2022-06-24T11:27:24+00:00","breadcrumb":{"@id":"https:\/\/www.librerosdecastillayleon.es\/index.php\/ley-del-libro\/#breadcrumb"},"inLanguage":"es","potentialAction":[{"@type":"ReadAction","target":["https:\/\/www.librerosdecastillayleon.es\/index.php\/ley-del-libro\/"]}]},{"@type":"ImageObject","inLanguage":"es","@id":"https:\/\/www.librerosdecastillayleon.es\/index.php\/ley-del-libro\/#primaryimage","url":"https:\/\/www.librerosdecastillayleon.es\/wp-content\/uploads\/side-ley.jpg","contentUrl":"https:\/\/www.librerosdecastillayleon.es\/wp-content\/uploads\/side-ley.jpg"},{"@type":"BreadcrumbList","@id":"https:\/\/www.librerosdecastillayleon.es\/index.php\/ley-del-libro\/#breadcrumb","itemListElement":[{"@type":"ListItem","position":1,"name":"Portada","item":"https:\/\/www.librerosdecastillayleon.es\/"},{"@type":"ListItem","position":2,"name":"Ley del Libro"}]},{"@type":"WebSite","@id":"https:\/\/www.librerosdecastillayleon.es\/#website","url":"https:\/\/www.librerosdecastillayleon.es\/","name":"Gremio de Libreros de Castilla y Le\u00f3n","description":"","potentialAction":[{"@type":"SearchAction","target":{"@type":"EntryPoint","urlTemplate":"https:\/\/www.librerosdecastillayleon.es\/?s={search_term_string}"},"query-input":{"@type":"PropertyValueSpecification","valueRequired":true,"valueName":"search_term_string"}}],"inLanguage":"es"}]}},"_links":{"self":[{"href":"https:\/\/www.librerosdecastillayleon.es\/index.php\/wp-json\/wp\/v2\/pages\/17","targetHints":{"allow":["GET"]}}],"collection":[{"href":"https:\/\/www.librerosdecastillayleon.es\/index.php\/wp-json\/wp\/v2\/pages"}],"about":[{"href":"https:\/\/www.librerosdecastillayleon.es\/index.php\/wp-json\/wp\/v2\/types\/page"}],"author":[{"embeddable":true,"href":"https:\/\/www.librerosdecastillayleon.es\/index.php\/wp-json\/wp\/v2\/users\/2"}],"replies":[{"embeddable":true,"href":"https:\/\/www.librerosdecastillayleon.es\/index.php\/wp-json\/wp\/v2\/comments?post=17"}],"version-history":[{"count":2,"href":"https:\/\/www.librerosdecastillayleon.es\/index.php\/wp-json\/wp\/v2\/pages\/17\/revisions"}],"predecessor-version":[{"id":289,"href":"https:\/\/www.librerosdecastillayleon.es\/index.php\/wp-json\/wp\/v2\/pages\/17\/revisions\/289"}],"wp:attachment":[{"href":"https:\/\/www.librerosdecastillayleon.es\/index.php\/wp-json\/wp\/v2\/media?parent=17"}],"curies":[{"name":"wp","href":"https:\/\/api.w.org\/{rel}","templated":true}]}}